{"id":8825,"date":"2022-10-08T05:45:36","date_gmt":"2022-10-08T05:45:36","guid":{"rendered":"http:\/\/ucimeaj.cz\/?page_id=8825"},"modified":"2024-11-22T16:36:06","modified_gmt":"2024-11-22T16:36:06","slug":"grammarlane-com","status":"publish","type":"page","link":"https:\/\/ucimeaj.cz\/","title":{"rendered":"ajfun.eu"},"content":{"rendered":"\n<p>Dlouh\u00e9 roky jsem snil o <strong>webov\u00e9 str\u00e1nce s dom\u00e1c\u00edmi \u00fakoly<\/strong>. Tato str\u00e1nka m\u011bla obsahovat r\u016fzn\u00e9 typy cvi\u010den\u00ed od k\u0159\u00ed\u017eovek, p\u0159es dikt\u00e1ty a\u017e po hry. Ve chv\u00edli, kdy \u017e\u00e1k dokon\u010d\u00ed dan\u00e9 cvi\u010den\u00ed a jeho v\u00fdsledek je lep\u0161\u00ed ne\u017e 50%, tak se podep\u00ed\u0161e a jeho <strong>v\u00fdsledky<\/strong> se vyu\u010duj\u00edc\u00edmu objev\u00ed <strong>v tabulce<\/strong>. <\/p>\n\n\n\n<p id=\"block-35aa797a-e6be-461e-b3ed-dcfa89eeb257\">Bohu\u017eel, kdy\u017e jsem hledal n\u00e1stroj, kter\u00fd by toto umo\u017e\u0148oval, v\u017edy jsem narazil na n\u011bjak\u00fd probl\u00e9m. V\u011bt\u0161ina n\u00e1stroj\u016f vy\u017eadovala zvl\u00e1\u0161tn\u00ed registraci \u017e\u00e1k\u016f i u\u010ditel\u016f a v\u00fdsledky potom ukl\u00e1dala ve form\u00e1tu, se kter\u00fdm se u\u017e nedalo d\u00e1le pracovat. Dal\u0161\u00ed n\u00e1stroj mi zaplavil emailovou schr\u00e1nkou hromadou v\u00fdsledk\u016f a j\u00e1 tr\u00e1vil hodiny \u010dasu jejich vyhodnocov\u00e1n\u00edm. A posledn\u00ed kategorie n\u00e1stroj\u016f dok\u00e1zala tvo\u0159it jen velmi omezen\u00e9 mno\u017estv\u00ed cvi\u010den\u00ed. Ve v\u00fdsledku to st\u00e1lo hromadu pen\u011bz nic se nedalo pou\u017e\u00edt.<\/p>\n\n\n\n<p id=\"block-1ec55c5a-0f67-409e-b214-1b0d7470f82d\">Proto jsem se nakonec nau\u010dil programovat a str\u00e1nku, kter\u00e1 by spl\u0148ovala v\u0161echny m\u00e9 po\u017eadavky jsem si napsal s\u00e1m. A pon\u011bvad\u017e ch\u00e1pu, \u017ee ne ka\u017ed\u00fd u\u010ditel je tohoto schopen, <strong>cht\u011bl bych se o svou pr\u00e1ci s V\u00e1mi pod\u011blit.<\/strong><\/p>\n\n\n\n<h2 class=\"wp-block-heading\" id=\"block-cdb96d69-30a2-4aaf-a4b9-ee6846393a6f\">ajfun.eu &#8211; str\u00e1nka s dom\u00e1c\u00edmi \u00fakoly<\/h2>\n\n\n\n<p id=\"block-02b8082f-9e38-465f-9cf0-32078b1f7140\">Na str\u00e1nce grammarlane.com najdete v\u00fdsledek m\u00e9 pr\u00e1ce. V t\u00e9to chv\u00edli zde jsou v\u0161echny <strong>dom\u00e1c\u00ed \u00fakoly k u\u010debnici Project 1<\/strong>, <strong>Project 2 a Project 3<\/strong> (b\u011bhem \u0161koln\u00edho roku bych cht\u011bl doplnit v\u0161echna cvi\u010den\u00ed k u\u010debnici Project 4, Give me Five 2 a Give me Five 1.)<\/p>\n\n\n\n<p id=\"block-5de4aded-444c-4948-abd5-7c50585999e7\">Na str\u00e1nk\u00e1ch ajfun.eu si vyberete cvi\u010den\u00ed, kter\u00e9 chcete \u017e\u00e1k\u016fm zadat a d\u00e1te odkaz na toto cvi\u010den\u00ed do \u0161koln\u00edho informa\u010dn\u00edho syst\u00e9mu. \u017d\u00e1k si na tento odkaz klikne, spln\u00ed cvi\u010den\u00ed a na konci se mu objev\u00ed n\u00e1sleduj\u00edc\u00ed str\u00e1nka:<\/p>\n\n\n\n<figure class=\"wp-block-image\" id=\"block-249664b4-473a-4198-818f-379b6b4376b6\"><img decoding=\"async\" src=\"https:\/\/ucimeaj.cz\/wp-content\/uploads\/image-1-1024x352.png\" alt=\"This image has an empty alt attribute; its file name is image-1-1024x352.png\"\/><\/figure>\n\n\n\n<p id=\"block-297a7672-0aa1-4557-86f7-4c9bf8cc55d5\">Sem vypln\u00ed sv\u00e9 jm\u00e9no, t\u0159\u00eddu a jm\u00e9no sv\u00e9ho u\u010ditele a klikne na tla\u010d\u00edtko Odesli vysledek. \u017d\u00e1k m\u016f\u017ee d\u011blat dan\u00e9 cvi\u010den\u00ed kolikr\u00e1t chce a v\u0161echny jeho pokusy se zap\u00ed\u0161\u00ed do datab\u00e1ze. Ov\u0161em \u017e\u00e1k se m\u016f\u017ee rozhodnout, \u017ee v\u00fdsledek nepo\u0161le, a prost\u011b dan\u00e9 okno zav\u0159e.<\/p>\n\n\n\n<h2 class=\"wp-block-heading\" id=\"block-998a76c9-2d87-469e-86a1-efcdabb63d2e\">M\u016f\u017eu tuto str\u00e1nku vyu\u017e\u00edvat i j\u00e1 se sv\u00fdmi \u017e\u00e1ky?<\/h2>\n\n\n\n<p id=\"block-4564e9b5-de1a-4c7e-a8a0-92de50118101\">Ano. Pokud V\u00e1m toto p\u0159ijde u\u017eite\u010dn\u00e9, sta\u010d\u00ed, abyste mi napsali na adresu rotreklzdenek@gmail.com a j\u00e1 V\u00e1s zavedu do datab\u00e1ze a \u017e\u00e1ci mohou pos\u00edlat \u00fakoly i V\u00e1m.<\/p>\n\n\n\n<p id=\"block-cc4c6ef4-1216-49b9-9c0e-c6271e9ee31f\">A to je v\u0161e, co mus\u00edte ud\u011blat.  <strong>V\u0161e je \u00fapln\u011b zdarma<\/strong>!<\/p>\n\n\n\n<h2 class=\"wp-block-heading\" id=\"block-de654155-8589-4cea-a476-95abdda37d3b\">Co z\u00edsk\u00e1m?<\/h2>\n\n\n\n<p id=\"block-0e02db6d-c0a4-4569-9020-98a83584f13f\">Ve chv\u00edli, kdy zanesu Va\u0161e jm\u00e9no do syst\u00e9mu, m\u016f\u017eete vyu\u017e\u00edvat v\u0161echny funkce, kter\u00e9 syst\u00e9m m\u00e1. \u017d\u00e1ci V\u00e1m mohou pos\u00edlat sv\u00e9 v\u00fdsledky a vy si je m\u016f\u017eete jednodu\u0161e zobrazit. Kliknut\u00edm na &#8220;TEACHER&#8217;S SITE&#8221; se p\u0159ihl\u00e1s\u00edte pomoc\u00ed jm\u00e9na a hesla, kter\u00e9 V\u00e1m po\u0161lu. Pak kdy\u017e kliknete na kteroukoliv u\u010debnici, hned uvid\u00edte, kter\u00e1 Va\u0161e t\u0159\u00edda u\u017e dan\u00e9 cvi\u010den\u00ed d\u011blala. <\/p>\n\n\n\n<div class=\"wp-block-media-text is-stacked-on-mobile\"><figure class=\"wp-block-media-text__media\"><img loading=\"lazy\" decoding=\"async\" width=\"544\" height=\"305\" src=\"https:\/\/ucimeaj.cz\/wp-content\/uploads\/image-3.png\" alt=\"\" class=\"wp-image-9091 size-full\" srcset=\"https:\/\/ucimeaj.cz\/wp-content\/uploads\/image-3.png 544w, https:\/\/ucimeaj.cz\/wp-content\/uploads\/image-3-300x168.png 300w, https:\/\/ucimeaj.cz\/wp-content\/uploads\/image-3-150x84.png 150w, https:\/\/ucimeaj.cz\/wp-content\/uploads\/image-3-355x199.png 355w\" sizes=\"auto, (max-width: 544px) 100vw, 544px\" \/><\/figure><div class=\"wp-block-media-text__content\">\n<p>Zde je \u010dervenou barvou uk\u00e1z\u00e1no, \u017ee \u017e\u00e1ci ze t\u0159\u00eddy 7.B d\u011blali tato cvi\u010den\u00ed.<\/p>\n<\/div><\/div>\n\n\n\n<p>D\u00e1le si m\u016f\u017eete lehce zjistit, kolik cvi\u010den\u00ed kdo ud\u011blal.<\/p>\n\n\n\n<p>Klikn\u011bte na nab\u00eddku RESULTS a vypl\u0148te tuto tabulku a zobraz\u00ed se V\u00e1m jm\u00e9na \u017e\u00e1k\u016f, kte\u0159\u00ed v dan\u00e9m obdob\u00ed z dan\u00e9 t\u0159\u00eddy splnili dom\u00e1c\u00ed \u00fakoly a kolik jich splnili.<\/p>\n\n\n\n<figure class=\"wp-block-image size-full\"><img loading=\"lazy\" decoding=\"async\" width=\"311\" height=\"286\" src=\"https:\/\/ucimeaj.cz\/wp-content\/uploads\/image-4.png\" alt=\"\" class=\"wp-image-9092\" srcset=\"https:\/\/ucimeaj.cz\/wp-content\/uploads\/image-4.png 311w, https:\/\/ucimeaj.cz\/wp-content\/uploads\/image-4-300x276.png 300w, https:\/\/ucimeaj.cz\/wp-content\/uploads\/image-4-150x138.png 150w\" sizes=\"auto, (max-width: 311px) 100vw, 311px\" \/><\/figure>\n\n\n\n<h2 class=\"wp-block-heading\" id=\"block-7e9672af-7d24-41d3-92ef-2ff898597c2f\">A co GDPR?<\/h2>\n\n\n\n<p id=\"block-6f7f05ae-d7be-4507-86f3-1fbd5272ff4e\">Pokud chcete naprosto vyhov\u011bt <strong>GDPR<\/strong>, po\u017e\u00e1dejte \u017e\u00e1ky, a\u0165 se podepisuj\u00ed jen p\u0159\u00edjmen\u00edm nebo jen k\u0159estn\u00edm jm\u00e9nem. Pak spln\u00edte po\u017eadavek, \u017ee \u017e\u00e1ci nebudou identifikovateln\u00ed.<br><\/p>\n","protected":false},"excerpt":{"rendered":"<p>Dlouh\u00e9 roky jsem snil o webov\u00e9 str\u00e1nce s dom\u00e1c\u00edmi \u00fakoly. Tato str\u00e1nka m\u011bla obsahovat r\u016fzn\u00e9 typy cvi\u010den\u00ed od k\u0159\u00ed\u017eovek, p\u0159es dikt\u00e1ty a\u017e po hry. Ve chv\u00edli, kdy \u017e\u00e1k dokon\u010d\u00ed dan\u00e9&#8230; <\/p>\n","protected":false},"author":1,"featured_media":9095,"parent":2,"menu_order":0,"comment_status":"open","ping_status":"closed","template":"","meta":{"footnotes":""},"class_list":["post-8825","page","type-page","status-publish","has-post-thumbnail","hentry"],"yoast_head":"<!-- This site is optimized with the Yoast SEO plugin v27.5 - https:\/\/yoast.com\/product\/yoast-seo-wordpress\/ -->\n<title>ajfun.eu - U\u010d\u00edme AJ<\/title>\n<meta name=\"robots\" content=\"index, follow, max-snippet:-1, max-image-preview:large, max-video-preview:-1\" \/>\n<link rel=\"canonical\" href=\"https:\/\/ucimeaj.cz\/\" \/>\n<meta property=\"og:locale\" content=\"en_US\" \/>\n<meta property=\"og:type\" content=\"article\" \/>\n<meta property=\"og:title\" content=\"ajfun.eu - U\u010d\u00edme AJ\" \/>\n<meta property=\"og:description\" content=\"Dlouh\u00e9 roky jsem snil o webov\u00e9 str\u00e1nce s dom\u00e1c\u00edmi \u00fakoly. Tato str\u00e1nka m\u011bla obsahovat r\u016fzn\u00e9 typy cvi\u010den\u00ed od k\u0159\u00ed\u017eovek, p\u0159es dikt\u00e1ty a\u017e po hry. Ve chv\u00edli, kdy \u017e\u00e1k dokon\u010d\u00ed dan\u00e9...\" \/>\n<meta property=\"og:url\" content=\"https:\/\/ucimeaj.cz\/\" \/>\n<meta property=\"og:site_name\" content=\"U\u010d\u00edme AJ\" \/>\n<meta property=\"article:modified_time\" content=\"2024-11-22T16:36:06+00:00\" \/>\n<meta property=\"og:image\" content=\"https:\/\/ucimeaj.cz\/wp-content\/uploads\/a-colourful-logo-for-a-website-called-ajfun-eu-the-btqszESWTayqwgOEVqhwYQ-HSzJfAEuQz2ldjkezohBpA.jpeg\" \/>\n<meta name=\"twitter:card\" content=\"summary_large_image\" \/>\n<meta name=\"twitter:label1\" content=\"Est. reading time\" \/>\n\t<meta name=\"twitter:data1\" content=\"3 minutes\" \/>\n<script type=\"application\/ld+json\" class=\"yoast-schema-graph\">{\"@context\":\"https:\\\/\\\/schema.org\",\"@graph\":[{\"@type\":\"WebPage\",\"@id\":\"https:\\\/\\\/ucimeaj.cz\\\/\",\"url\":\"https:\\\/\\\/ucimeaj.cz\\\/\",\"name\":\"ajfun.eu - U\u010d\u00edme AJ\",\"isPartOf\":{\"@id\":\"https:\\\/\\\/ucimeaj.cz\\\/#website\"},\"primaryImageOfPage\":{\"@id\":\"https:\\\/\\\/ucimeaj.cz\\\/#primaryimage\"},\"image\":{\"@id\":\"https:\\\/\\\/ucimeaj.cz\\\/#primaryimage\"},\"thumbnailUrl\":\"https:\\\/\\\/ucimeaj.cz\\\/wp-content\\\/uploads\\\/a-colourful-logo-for-a-website-called-ajfun-eu-the-btqszESWTayqwgOEVqhwYQ-HSzJfAEuQz2ldjkezohBpA.jpeg\",\"datePublished\":\"2022-10-08T05:45:36+00:00\",\"dateModified\":\"2024-11-22T16:36:06+00:00\",\"breadcrumb\":{\"@id\":\"https:\\\/\\\/ucimeaj.cz\\\/#breadcrumb\"},\"inLanguage\":\"en-US\",\"potentialAction\":[{\"@type\":\"ReadAction\",\"target\":[\"https:\\\/\\\/ucimeaj.cz\\\/\"]}]},{\"@type\":\"ImageObject\",\"inLanguage\":\"en-US\",\"@id\":\"https:\\\/\\\/ucimeaj.cz\\\/#primaryimage\",\"url\":\"https:\\\/\\\/ucimeaj.cz\\\/wp-content\\\/uploads\\\/a-colourful-logo-for-a-website-called-ajfun-eu-the-btqszESWTayqwgOEVqhwYQ-HSzJfAEuQz2ldjkezohBpA.jpeg\",\"contentUrl\":\"https:\\\/\\\/ucimeaj.cz\\\/wp-content\\\/uploads\\\/a-colourful-logo-for-a-website-called-ajfun-eu-the-btqszESWTayqwgOEVqhwYQ-HSzJfAEuQz2ldjkezohBpA.jpeg\",\"width\":1312,\"height\":736},{\"@type\":\"BreadcrumbList\",\"@id\":\"https:\\\/\\\/ucimeaj.cz\\\/#breadcrumb\",\"itemListElement\":[{\"@type\":\"ListItem\",\"position\":1,\"name\":\"Home\",\"item\":\"https:\\\/\\\/ucimeaj.cz\\\/\"},{\"@type\":\"ListItem\",\"position\":2,\"name\":\"\u00davodn\u00ed strana\",\"item\":\"https:\\\/\\\/ucimeaj.cz\\\/?page_id=2\"},{\"@type\":\"ListItem\",\"position\":3,\"name\":\"ajfun.eu\"}]},{\"@type\":\"WebSite\",\"@id\":\"https:\\\/\\\/ucimeaj.cz\\\/#website\",\"url\":\"https:\\\/\\\/ucimeaj.cz\\\/\",\"name\":\"U\u010d\u00edme AJ\",\"description\":\"M\u00edsto, kde u\u010ditel\u00e9 sd\u00edl\u00ed sv\u00e9 materi\u00e1ly\",\"potentialAction\":[{\"@type\":\"SearchAction\",\"target\":{\"@type\":\"EntryPoint\",\"urlTemplate\":\"https:\\\/\\\/ucimeaj.cz\\\/?s={search_term_string}\"},\"query-input\":{\"@type\":\"PropertyValueSpecification\",\"valueRequired\":true,\"valueName\":\"search_term_string\"}}],\"inLanguage\":\"en-US\"}]}<\/script>\n<!-- \/ Yoast SEO plugin. -->","yoast_head_json":{"title":"ajfun.eu - U\u010d\u00edme AJ","robots":{"index":"index","follow":"follow","max-snippet":"max-snippet:-1","max-image-preview":"max-image-preview:large","max-video-preview":"max-video-preview:-1"},"canonical":"https:\/\/ucimeaj.cz\/","og_locale":"en_US","og_type":"article","og_title":"ajfun.eu - U\u010d\u00edme AJ","og_description":"Dlouh\u00e9 roky jsem snil o webov\u00e9 str\u00e1nce s dom\u00e1c\u00edmi \u00fakoly. Tato str\u00e1nka m\u011bla obsahovat r\u016fzn\u00e9 typy cvi\u010den\u00ed od k\u0159\u00ed\u017eovek, p\u0159es dikt\u00e1ty a\u017e po hry. Ve chv\u00edli, kdy \u017e\u00e1k dokon\u010d\u00ed dan\u00e9...","og_url":"https:\/\/ucimeaj.cz\/","og_site_name":"U\u010d\u00edme AJ","article_modified_time":"2024-11-22T16:36:06+00:00","og_image":[{"url":"https:\/\/ucimeaj.cz\/wp-content\/uploads\/a-colourful-logo-for-a-website-called-ajfun-eu-the-btqszESWTayqwgOEVqhwYQ-HSzJfAEuQz2ldjkezohBpA.jpeg","type":"","width":"","height":""}],"twitter_card":"summary_large_image","twitter_misc":{"Est. reading time":"3 minutes"},"schema":{"@context":"https:\/\/schema.org","@graph":[{"@type":"WebPage","@id":"https:\/\/ucimeaj.cz\/","url":"https:\/\/ucimeaj.cz\/","name":"ajfun.eu - U\u010d\u00edme AJ","isPartOf":{"@id":"https:\/\/ucimeaj.cz\/#website"},"primaryImageOfPage":{"@id":"https:\/\/ucimeaj.cz\/#primaryimage"},"image":{"@id":"https:\/\/ucimeaj.cz\/#primaryimage"},"thumbnailUrl":"https:\/\/ucimeaj.cz\/wp-content\/uploads\/a-colourful-logo-for-a-website-called-ajfun-eu-the-btqszESWTayqwgOEVqhwYQ-HSzJfAEuQz2ldjkezohBpA.jpeg","datePublished":"2022-10-08T05:45:36+00:00","dateModified":"2024-11-22T16:36:06+00:00","breadcrumb":{"@id":"https:\/\/ucimeaj.cz\/#breadcrumb"},"inLanguage":"en-US","potentialAction":[{"@type":"ReadAction","target":["https:\/\/ucimeaj.cz\/"]}]},{"@type":"ImageObject","inLanguage":"en-US","@id":"https:\/\/ucimeaj.cz\/#primaryimage","url":"https:\/\/ucimeaj.cz\/wp-content\/uploads\/a-colourful-logo-for-a-website-called-ajfun-eu-the-btqszESWTayqwgOEVqhwYQ-HSzJfAEuQz2ldjkezohBpA.jpeg","contentUrl":"https:\/\/ucimeaj.cz\/wp-content\/uploads\/a-colourful-logo-for-a-website-called-ajfun-eu-the-btqszESWTayqwgOEVqhwYQ-HSzJfAEuQz2ldjkezohBpA.jpeg","width":1312,"height":736},{"@type":"BreadcrumbList","@id":"https:\/\/ucimeaj.cz\/#breadcrumb","itemListElement":[{"@type":"ListItem","position":1,"name":"Home","item":"https:\/\/ucimeaj.cz\/"},{"@type":"ListItem","position":2,"name":"\u00davodn\u00ed strana","item":"https:\/\/ucimeaj.cz\/?page_id=2"},{"@type":"ListItem","position":3,"name":"ajfun.eu"}]},{"@type":"WebSite","@id":"https:\/\/ucimeaj.cz\/#website","url":"https:\/\/ucimeaj.cz\/","name":"U\u010d\u00edme AJ","description":"M\u00edsto, kde u\u010ditel\u00e9 sd\u00edl\u00ed sv\u00e9 materi\u00e1ly","potentialAction":[{"@type":"SearchAction","target":{"@type":"EntryPoint","urlTemplate":"https:\/\/ucimeaj.cz\/?s={search_term_string}"},"query-input":{"@type":"PropertyValueSpecification","valueRequired":true,"valueName":"search_term_string"}}],"inLanguage":"en-US"}]}},"_links":{"self":[{"href":"https:\/\/ucimeaj.cz\/index.php?rest_route=\/wp\/v2\/pages\/8825","targetHints":{"allow":["GET"]}}],"collection":[{"href":"https:\/\/ucimeaj.cz\/index.php?rest_route=\/wp\/v2\/pages"}],"about":[{"href":"https:\/\/ucimeaj.cz\/index.php?rest_route=\/wp\/v2\/types\/page"}],"author":[{"embeddable":true,"href":"https:\/\/ucimeaj.cz\/index.php?rest_route=\/wp\/v2\/users\/1"}],"replies":[{"embeddable":true,"href":"https:\/\/ucimeaj.cz\/index.php?rest_route=%2Fwp%2Fv2%2Fcomments&post=8825"}],"version-history":[{"count":3,"href":"https:\/\/ucimeaj.cz\/index.php?rest_route=\/wp\/v2\/pages\/8825\/revisions"}],"predecessor-version":[{"id":9093,"href":"https:\/\/ucimeaj.cz\/index.php?rest_route=\/wp\/v2\/pages\/8825\/revisions\/9093"}],"up":[{"embeddable":true,"href":"https:\/\/ucimeaj.cz\/index.php?rest_route=\/wp\/v2\/pages\/2"}],"wp:featuredmedia":[{"embeddable":true,"href":"https:\/\/ucimeaj.cz\/index.php?rest_route=\/wp\/v2\/media\/9095"}],"wp:attachment":[{"href":"https:\/\/ucimeaj.cz\/index.php?rest_route=%2Fwp%2Fv2%2Fmedia&parent=8825"}],"curies":[{"name":"wp","href":"https:\/\/api.w.org\/{rel}","templated":true}]}}